{"id":169,"date":"2017-03-24T14:42:25","date_gmt":"2017-03-24T13:42:25","guid":{"rendered":"http:\/\/coaching-konkret.de\/?page_id=169"},"modified":"2024-03-22T11:20:14","modified_gmt":"2024-03-22T10:20:14","slug":"business-coaching","status":"publish","type":"page","link":"http:\/\/coaching-konkret.de\/index.php\/business-coaching\/","title":{"rendered":"Business Coaching"},"content":{"rendered":"<div class='content-column one_half'><div style=\"padding-right:140px;padding-left:120px;\"><p><a href=\"http:\/\/www.netzwertpartner.de\"><img loading=\"lazy\" decoding=\"async\" class=\"alignnone  wp-image-390\" src=\"http:\/\/coaching-konkret.de\/wp-content\/uploads\/2024\/03\/netzwert-1.jpg\" alt=\"\" width=\"605\" height=\"606\" srcset=\"http:\/\/coaching-konkret.de\/wp-content\/uploads\/2024\/03\/netzwert-1.jpg 1168w, http:\/\/coaching-konkret.de\/wp-content\/uploads\/2024\/03\/netzwert-1-300x300.jpg 300w, http:\/\/coaching-konkret.de\/wp-content\/uploads\/2024\/03\/netzwert-1-1022x1024.jpg 1022w, http:\/\/coaching-konkret.de\/wp-content\/uploads\/2024\/03\/netzwert-1-150x150.jpg 150w, http:\/\/coaching-konkret.de\/wp-content\/uploads\/2024\/03\/netzwert-1-768x769.jpg 768w, http:\/\/coaching-konkret.de\/wp-content\/uploads\/2024\/03\/netzwert-1-90x90.jpg 90w, http:\/\/coaching-konkret.de\/wp-content\/uploads\/2024\/03\/netzwert-1-379x380.jpg 379w\" sizes=\"auto, (max-width: 605px) 100vw, 605px\" \/><\/a><\/p><\/div><\/div>\n<div class='content-column one_half last_column'><div style=\"padding-right:20px;padding-left:20px;\"><h1><span style=\"color: #4d5f80;\">Business Coaching<\/span><\/h1>\n<ul>\n<li>Was m\u00f6chte ich beruflich erreichen? Wie gelingt mir das?<\/li>\n<li>Wie trete ich in Konflikten selbstbewusster auf?<\/li>\n<li>Wie motiviere ich mein Team?<\/li>\n<li>Wie gelingt es mir, \u201enein\u201c zu sagen?<\/li>\n<li>Wie treffe ich schwierige Entscheidungen?<\/li>\n<\/ul>\n<p>Im Beruf sind wir fachlich gefragt, und ebenso pers\u00f6nlich: als Motivator, als Entscheider oder als Konfliktmanager. Sie f\u00fchlen sich in Ihrer Rolle (noch) nicht wohl oder m\u00f6chten sich ver\u00e4ndern? Ein Coaching hilft. So gewinnen Sie mehr Sicherheit im Umgang mit kniffligen Situationen.<\/p>\n<p><span style=\"color: #4d5f80;\"><strong>Bitte melden Sie sich f\u00fcr Business Coaching bei mir unter veronika.scharfenberg@netzwertpartner.de.<\/strong><\/span><\/p><\/div><\/div><div class='clear_column'><\/div>\n","protected":false},"excerpt":{"rendered":"","protected":false},"author":1,"featured_media":0,"parent":0,"menu_order":0,"comment_status":"closed","ping_status":"closed","template":"page-templates\/front-page.php","meta":{"footnotes":""},"class_list":["post-169","page","type-page","status-publish","hentry","without-featured-image"],"aioseo_notices":[],"_links":{"self":[{"href":"http:\/\/coaching-konkret.de\/index.php\/wp-json\/wp\/v2\/pages\/169","targetHints":{"allow":["GET"]}}],"collection":[{"href":"http:\/\/coaching-konkret.de\/index.php\/wp-json\/wp\/v2\/pages"}],"about":[{"href":"http:\/\/coaching-konkret.de\/index.php\/wp-json\/wp\/v2\/types\/page"}],"author":[{"embeddable":true,"href":"http:\/\/coaching-konkret.de\/index.php\/wp-json\/wp\/v2\/users\/1"}],"replies":[{"embeddable":true,"href":"http:\/\/coaching-konkret.de\/index.php\/wp-json\/wp\/v2\/comments?post=169"}],"version-history":[{"count":19,"href":"http:\/\/coaching-konkret.de\/index.php\/wp-json\/wp\/v2\/pages\/169\/revisions"}],"predecessor-version":[{"id":394,"href":"http:\/\/coaching-konkret.de\/index.php\/wp-json\/wp\/v2\/pages\/169\/revisions\/394"}],"wp:attachment":[{"href":"http:\/\/coaching-konkret.de\/index.php\/wp-json\/wp\/v2\/media?parent=169"}],"curies":[{"name":"wp","href":"https:\/\/api.w.org\/{rel}","templated":true}]}}